{"id":2002002774,"date":"2019-07-05T13:07:15","date_gmt":"2019-07-05T11:07:15","guid":{"rendered":"http:\/\/www.elenacabrera.com\/weblog\/?page_id=2002002774"},"modified":"2023-09-02T18:10:55","modified_gmt":"2023-09-02T16:10:55","slug":"paseos-por-la-prospe","status":"publish","type":"page","link":"http:\/\/www.elenacabrera.com\/weblog3\/paseos-por-la-prospe\/","title":{"rendered":"Paseos por La Prospe"},"content":{"rendered":"\n<p class=\"has-luminous-vivid-amber-background-color has-background\">Vuelve de nuevo por aqu\u00ed para consultar las fechas de los pr\u00f3ximos paseos.<br>No s\u00e9 si volver\u00e9 a hacerlos, pero qui\u00e9n sabe.<\/p>\n\n\n\n<p>El viejo barrio creado por <strong>Pr\u00f3spero Soynard<\/strong> a finales del siglo XIX, fruto de la primigenia <strong>especulaci\u00f3n con parcelas en la periferia rural<\/strong> de Madrid, guarda cientos de historias (m\u00e1s o menos) secretas que se desvelan en estos paseos.<\/p>\n\n\n\n<p>Historias de lo cotidiano a lo \u00e9pico, de las \u00e9lites a las clases trabajadoras, de lo feo a lo bello, de lo salvaje a lo autoritario.<\/p>\n\n\n\n<p>Nos gusta pensar el caminar por el barrio como lo hac\u00eda <strong>Janet Wolff<\/strong>, no solo como \u00abuna actitud f\u00edsica sino un <strong>ejercicio cr\u00edtico<\/strong>\u201d. Por eso, estos paseos que proponemos <strong>se realizan en grupo<\/strong> y se ocupa la acera de manera voluminosa, como una forma tambi\u00e9n de recuperaci\u00f3n del espacio p\u00fablico para todos y todas (y no solo cuando nos sentamos en una terraza a tomar algo). Por eso pensamos tambi\u00e9n el caminar como \u00ab<strong>una herramienta<\/strong>\u00ab, como dec\u00eda <strong>Rebecca Solnit<\/strong>. Una herramienta capaz de reforzar la sociedad civil, \u00abcapaz de resistir ante la violencia, el miedo y la represi\u00f3n\u201d.<\/p>\n\n\n\n<p><img loading=\"lazy\" decoding=\"async\" width=\"800\" height=\"533\" class=\"wp-image-2002002778\" style=\"width: 800px;\" src=\"http:\/\/www.elenacabrera.com\/weblog\/wp-content\/uploads\/ciudadistrito-prosperidadmusical-004_47047426784_o.jpg\" alt=\"Paseo por la memoria musical. Abril, 2019. Foto \/ CiudaDistrito\" srcset=\"http:\/\/www.elenacabrera.com\/weblog3\/wp-content\/uploads\/ciudadistrito-prosperidadmusical-004_47047426784_o.jpg 3960w, http:\/\/www.elenacabrera.com\/weblog3\/wp-content\/uploads\/ciudadistrito-prosperidadmusical-004_47047426784_o-300x200.jpg 300w, http:\/\/www.elenacabrera.com\/weblog3\/wp-content\/uploads\/ciudadistrito-prosperidadmusical-004_47047426784_o-768x512.jpg 768w, http:\/\/www.elenacabrera.com\/weblog3\/wp-content\/uploads\/ciudadistrito-prosperidadmusical-004_47047426784_o-1024x683.jpg 1024w, http:\/\/www.elenacabrera.com\/weblog3\/wp-content\/uploads\/ciudadistrito-prosperidadmusical-004_47047426784_o-330x220.jpg 330w\" sizes=\"auto, (max-width: 800px) 100vw, 800px\" \/><\/p>\n\n\n\n<p>Realizamos dos paseos, uno por la <strong>arquitectura social de Prosperidad y Ciudad Jard\u00edn<\/strong>. Otro por la <strong>memoria musical de La Prospe<\/strong>. Ambos son paseos de ida y vuelta por la memoria. Hablamos del pasado y del presente, de c\u00f3mo uno influye en el otro. Sacamos, entre todos y todas, nuestras peque\u00f1as historias que complementan una muy grande que se escurre por las p\u00e1ginas de los libros de historia.<\/p>\n\n\n\n<figure class=\"wp-block-embed-youtube wp-block-embed is-type-video is-provider-youtube wp-embed-aspect-16-9 wp-has-aspect-ratio\"><div class=\"wp-block-embed__wrapper\">\n<iframe loading=\"lazy\" title=\"Paseos\" width=\"500\" height=\"281\" src=\"https:\/\/www.youtube.com\/embed\/PnoCvHm5nMM?feature=oembed\" frameborder=\"0\" allow=\"accelerometer; autoplay; clipboard-write; encrypted-media; gyroscope; picture-in-picture; web-share\" referrerpolicy=\"strict-origin-when-cross-origin\" allowfullscreen><\/iframe>\n<\/div><\/figure>\n\n\n\n<p class=\"has-luminous-vivid-amber-background-color has-background\"><strong>PASEOS:<\/strong><\/p>\n\n\n\n<p><strong>La arquitectura social de Prosperidad y Ciudad Jard\u00edn<\/strong><br>Visitamos los grupos arquitect\u00f3nicos creados por la Obra Sindical del Hogar y sus edificios singulares. Caminamos desde la colonia Virgen del Pilar a las colonias hist\u00f3ricas de casas baratas. Se har\u00e1 un recorrido que va desde la vanguardia de S\u00e1inz de Oiza en Torres Blancas a la intervenci\u00f3n del activismo vecinal.<\/p>\n\n\n\n<p><strong>La memoria musical de La Prospe<\/strong><br>Recorremos desde el lugar en el que estuvo el Rock-Ola (y recordamos qu\u00e9 pas\u00f3 all\u00ed) al nuevo centro musical del barrio, la tienda de discos La Negra, pasando por locales que siguen abiertos y por otros cuyos restos habr\u00e1 que imaginar. Tambi\u00e9n esquinas del barrio que a primera vista no dicen nada pero que hoy son zona cero de la nueva ola madrile\u00f1a de los 80.<\/p>\n\n\n\n<p><strong>Prosperidad literaria<\/strong><br>Un paseo por los lugares en los que Prosperidad se infiltra en la literatura y al contrario: lugares en los que la literatura se infiltra en Prosperidad.<\/p>\n\n\n\n<hr class=\"wp-block-separator\"\/>\n\n\n\n<p class=\"has-pale-cyan-blue-background-color has-background\"><strong>Sobre la paseante:<\/strong><br><strong>Elena Cabrera<\/strong> es periodista, nacida en Madrid en 1975. Se ha dedicado principalmente al periodismo cultural, con especial cari\u00f1o por el musical. Actualmente trabaja como freelance para varios medios y escribe <a href=\"http:\/\/www.elenacabrera.com\/weblog\/category\/articulos\/\">art\u00edculos como estos<\/a>. Adem\u00e1s de los <a rel=\"noreferrer noopener\" href=\"http:\/\/www.elenacabrera.com\/weblog\/tag\/paseos\/\">paseos<\/a>, hace <a aria-label=\"radio (abre en una nueva pesta\u00f1a)\" rel=\"noreferrer noopener\" href=\"https:\/\/www.m21radio.es\/programas\/directo-salvaje\" target=\"_blank\">radio<\/a> y <a aria-label=\"podcast (abre en una nueva pesta\u00f1a)\" rel=\"noreferrer noopener\" href=\"https:\/\/pobreschavalespodcast.tumblr.com\/\" target=\"_blank\">podcast<\/a> y es autora del blog <a aria-label=\"Autoreverse (abre en una nueva pesta\u00f1a)\" href=\"http:\/\/www.elenacabrera.com\/weblog\/\">El \u00daltimo Baile<\/a>. Entre 1999 y 2014 dirigi\u00f3 el sello discogr\u00e1fico de tecno-pop <a rel=\"noreferrer noopener\" aria-label=\"Autoreverse (abre en una nueva pesta\u00f1a)\" href=\"https:\/\/www.discogs.com\/es\/label\/17840-Autoreverse\" target=\"_blank\">Autoreverse<\/a>.<\/p>\n\n\n\n<hr class=\"wp-block-separator\"\/>\n\n\n\n<p>Sobre los <a href=\"http:\/\/www.elenacabrera.com\/weblog\/tag\/paseos\/\">paseos<\/a>:<br><em><a href=\"https:\/\/www.publico.es\/culturas\/musica-prosperidad-nueva-ola-movida-madrilena.html\">La Prospe, el barrio que propag\u00f3 la nueva ola<\/a><\/em>, por Henrique Mari\u00f1o en P\u00fablico.<br><em><a href=\"https:\/\/www.lasexta.com\/tribus-ocultas\/libros\/amor-pasear-ciudad-que-odian-turismo_201904305cc8070b0cf23d27c1a66003.html\">El amor por pasear por la ciudad para los que odian el turismo<\/a><\/em>, por Elena Cabrera en Tribus Ocultas, lasexta.com.<br><em><a href=\"https:\/\/elpais.com\/ccaa\/2019\/10\/21\/madrid\/1571657696_207404.html\" target=\"_blank\" rel=\"noreferrer noopener\" aria-label=\"Paseo mutante en Prosperidad en recuerdo de Aviador Dro (abre en una nueva pesta\u00f1a)\">Paseo mutante en Prosperidad en recuerdo de Aviador Dro<\/a><\/em>, por Sol Alonso en El Pa\u00eds.<\/p>\n","protected":false},"excerpt":{"rendered":"<p>Vuelve de nuevo por aqu\u00ed para consultar las fechas de los pr\u00f3ximos paseos.No s\u00e9 si volver\u00e9 a hacerlos, pero qui\u00e9n sabe. El viejo barrio creado por Pr\u00f3spero Soynard a finales del siglo XIX, fruto de la primigenia especulaci\u00f3n con parcelas en la periferia rural de Madrid, guarda cientos de historias (m\u00e1s o menos) secretas que [&hellip;]<\/p>\n","protected":false},"author":1,"featured_media":2002002744,"parent":0,"menu_order":0,"comment_status":"closed","ping_status":"closed","template":"","meta":{"footnotes":""},"class_list":["post-2002002774","page","type-page","status-publish","has-post-thumbnail","hentry"],"_links":{"self":[{"href":"http:\/\/www.elenacabrera.com\/weblog3\/wp-json\/wp\/v2\/pages\/2002002774","targetHints":{"allow":["GET"]}}],"collection":[{"href":"http:\/\/www.elenacabrera.com\/weblog3\/wp-json\/wp\/v2\/pages"}],"about":[{"href":"http:\/\/www.elenacabrera.com\/weblog3\/wp-json\/wp\/v2\/types\/page"}],"author":[{"embeddable":true,"href":"http:\/\/www.elenacabrera.com\/weblog3\/wp-json\/wp\/v2\/users\/1"}],"replies":[{"embeddable":true,"href":"http:\/\/www.elenacabrera.com\/weblog3\/wp-json\/wp\/v2\/comments?post=2002002774"}],"version-history":[{"count":22,"href":"http:\/\/www.elenacabrera.com\/weblog3\/wp-json\/wp\/v2\/pages\/2002002774\/revisions"}],"predecessor-version":[{"id":2002003961,"href":"http:\/\/www.elenacabrera.com\/weblog3\/wp-json\/wp\/v2\/pages\/2002002774\/revisions\/2002003961"}],"wp:featuredmedia":[{"embeddable":true,"href":"http:\/\/www.elenacabrera.com\/weblog3\/wp-json\/wp\/v2\/media\/2002002744"}],"wp:attachment":[{"href":"http:\/\/www.elenacabrera.com\/weblog3\/wp-json\/wp\/v2\/media?parent=2002002774"}],"curies":[{"name":"wp","href":"https:\/\/api.w.org\/{rel}","templated":true}]}}

<p class="has-luminous-vivid-amber-background-color has-background">Vuelve de nuevo por aquí para consultar las fechas de los próximos paseos.<br>No sé si volveré a hacerlos, pero quién sabe.</p>



<p>El viejo barrio creado por <strong>Próspero Soynard</strong> a finales del siglo XIX, fruto de la primigenia <strong>especulación con parcelas en la periferia rural</strong> de Madrid, guarda cientos de historias (más o menos) secretas que se desvelan en estos paseos.</p>



<p>Historias de lo cotidiano a lo épico, de las élites a las clases trabajadoras, de lo feo a lo bello, de lo salvaje a lo autoritario.</p>



<p>Nos gusta pensar el caminar por el barrio como lo hacía <strong>Janet Wolff</strong>, no solo como «una actitud física sino un <strong>ejercicio crítico</strong>”. Por eso, estos paseos que proponemos <strong>se realizan en grupo</strong> y se ocupa la acera de manera voluminosa, como una forma también de recuperación del espacio público para todos y todas (y no solo cuando nos sentamos en una terraza a tomar algo). Por eso pensamos también el caminar como «<strong>una herramienta</strong>«, como decía <strong>Rebecca Solnit</strong>. Una herramienta capaz de reforzar la sociedad civil, «capaz de resistir ante la violencia, el miedo y la represión”.</p>



<p><img loading="lazy" decoding="async" width="800" height="533" class="wp-image-2002002778" style="width: 800px;" src="http://www.elenacabrera.com/weblog/wp-content/uploads/ciudadistrito-prosperidadmusical-004_47047426784_o.jpg" alt="Paseo por la memoria musical. Abril, 2019. Foto / CiudaDistrito" srcset="http://www.elenacabrera.com/weblog3/wp-content/uploads/ciudadistrito-prosperidadmusical-004_47047426784_o.jpg 3960w, http://www.elenacabrera.com/weblog3/wp-content/uploads/ciudadistrito-prosperidadmusical-004_47047426784_o-300x200.jpg 300w, http://www.elenacabrera.com/weblog3/wp-content/uploads/ciudadistrito-prosperidadmusical-004_47047426784_o-768x512.jpg 768w, http://www.elenacabrera.com/weblog3/wp-content/uploads/ciudadistrito-prosperidadmusical-004_47047426784_o-1024x683.jpg 1024w, http://www.elenacabrera.com/weblog3/wp-content/uploads/ciudadistrito-prosperidadmusical-004_47047426784_o-330x220.jpg 330w" sizes="auto, (max-width: 800px) 100vw, 800px" /></p>



<p>Realizamos dos paseos, uno por la <strong>arquitectura social de Prosperidad y Ciudad Jardín</strong>. Otro por la <strong>memoria musical de La Prospe</strong>. Ambos son paseos de ida y vuelta por la memoria. Hablamos del pasado y del presente, de cómo uno influye en el otro. Sacamos, entre todos y todas, nuestras pequeñas historias que complementan una muy grande que se escurre por las páginas de los libros de historia.</p>



<figure class="wp-block-embed-youtube wp-block-embed is-type-video is-provider-youtube wp-embed-aspect-16-9 wp-has-aspect-ratio"><div class="wp-block-embed__wrapper">
<iframe loading="lazy" title="Paseos" width="500" height="281" src="https://www.youtube.com/embed/PnoCvHm5nMM?feature=oembed" frameborder="0" allow="accelerometer; autoplay; clipboard-write; encrypted-media; gyroscope; picture-in-picture; web-share" referrerpolicy="strict-origin-when-cross-origin" allowfullscreen></iframe>
</div></figure>



<p class="has-luminous-vivid-amber-background-color has-background"><strong>PASEOS:</strong></p>



<p><strong>La arquitectura social de Prosperidad y Ciudad Jardín</strong><br>Visitamos los grupos arquitectónicos creados por la Obra Sindical del Hogar y sus edificios singulares. Caminamos desde la colonia Virgen del Pilar a las colonias históricas de casas baratas. Se hará un recorrido que va desde la vanguardia de Sáinz de Oiza en Torres Blancas a la intervención del activismo vecinal.</p>



<p><strong>La memoria musical de La Prospe</strong><br>Recorremos desde el lugar en el que estuvo el Rock-Ola (y recordamos qué pasó allí) al nuevo centro musical del barrio, la tienda de discos La Negra, pasando por locales que siguen abiertos y por otros cuyos restos habrá que imaginar. También esquinas del barrio que a primera vista no dicen nada pero que hoy son zona cero de la nueva ola madrileña de los 80.</p>



<p><strong>Prosperidad literaria</strong><br>Un paseo por los lugares en los que Prosperidad se infiltra en la literatura y al contrario: lugares en los que la literatura se infiltra en Prosperidad.</p>



<hr class="wp-block-separator"/>



<p class="has-pale-cyan-blue-background-color has-background"><strong>Sobre la paseante:</strong><br><strong>Elena Cabrera</strong> es periodista, nacida en Madrid en 1975. Se ha dedicado principalmente al periodismo cultural, con especial cariño por el musical. Actualmente trabaja como freelance para varios medios y escribe <a href="http://www.elenacabrera.com/weblog/category/articulos/">artículos como estos</a>. Además de los <a rel="noreferrer noopener" href="http://www.elenacabrera.com/weblog/tag/paseos/">paseos</a>, hace <a aria-label="radio (abre en una nueva pestaña)" rel="noreferrer noopener" href="https://www.m21radio.es/programas/directo-salvaje" target="_blank">radio</a> y <a aria-label="podcast (abre en una nueva pestaña)" rel="noreferrer noopener" href="https://pobreschavalespodcast.tumblr.com/" target="_blank">podcast</a> y es autora del blog <a aria-label="Autoreverse (abre en una nueva pestaña)" href="http://www.elenacabrera.com/weblog/">El Último Baile</a>. Entre 1999 y 2014 dirigió el sello discográfico de tecno-pop <a rel="noreferrer noopener" aria-label="Autoreverse (abre en una nueva pestaña)" href="https://www.discogs.com/es/label/17840-Autoreverse" target="_blank">Autoreverse</a>.</p>



<hr class="wp-block-separator"/>



<p>Sobre los <a href="http://www.elenacabrera.com/weblog/tag/paseos/">paseos</a>:<br><em><a href="https://www.publico.es/culturas/musica-prosperidad-nueva-ola-movida-madrilena.html">La Prospe, el barrio que propagó la nueva ola</a></em>, por Henrique Mariño en Público.<br><em><a href="https://www.lasexta.com/tribus-ocultas/libros/amor-pasear-ciudad-que-odian-turismo_201904305cc8070b0cf23d27c1a66003.html">El amor por pasear por la ciudad para los que odian el turismo</a></em>, por Elena Cabrera en Tribus Ocultas, lasexta.com.<br><em><a href="https://elpais.com/ccaa/2019/10/21/madrid/1571657696_207404.html" target="_blank" rel="noreferrer noopener" aria-label="Paseo mutante en Prosperidad en recuerdo de Aviador Dro (abre en una nueva pestaña)">Paseo mutante en Prosperidad en recuerdo de Aviador Dro</a></em>, por Sol Alonso en El País.</p>

<p>Vuelve de nuevo por aquí para consultar las fechas de los próximos paseos.No sé si volveré a hacerlos, pero quién sabe. El viejo barrio creado por Próspero Soynard a finales del siglo XIX, fruto de la primigenia especulación con parcelas en la periferia rural de Madrid, guarda cientos de historias (más o menos) secretas que [&hellip;]</p>
