{"id":2002003674,"date":"2021-01-13T11:07:29","date_gmt":"2021-01-13T09:07:29","guid":{"rendered":"http:\/\/www.elenacabrera.com\/weblog\/?page_id=2002003674"},"modified":"2025-04-20T19:33:53","modified_gmt":"2025-04-20T17:33:53","slug":"libros","status":"publish","type":"page","link":"http:\/\/www.elenacabrera.com\/weblog3\/libros\/","title":{"rendered":"Libros"},"content":{"rendered":"\n<div class=\"wp-block-media-text is-stacked-on-mobile is-vertically-aligned-center alignwide\" style=\"grid-template-columns:37% auto\"><figure class=\"wp-block-media-text__media\"><a href=\"http:\/\/www.elenacabrera.com\/weblog3\/wp-content\/uploads\/portada_LaMujerEnmascarada.jpg\"><img loading=\"lazy\" decoding=\"async\" width=\"564\" height=\"840\" src=\"http:\/\/www.elenacabrera.com\/weblog3\/wp-content\/uploads\/portada_LaMujerEnmascarada.jpg\" alt=\"\" class=\"wp-image-2002003847 size-full\" srcset=\"http:\/\/www.elenacabrera.com\/weblog3\/wp-content\/uploads\/portada_LaMujerEnmascarada.jpg 564w, http:\/\/www.elenacabrera.com\/weblog3\/wp-content\/uploads\/portada_LaMujerEnmascarada-201x300.jpg 201w\" sizes=\"auto, (max-width: 564px) 100vw, 564px\" \/><\/a><\/figure><div class=\"wp-block-media-text__content\">\n<p class=\"has-large-font-size\"><em>La mujer enmascarada<\/em><\/p>\n\n\n\n<p class=\"has-medium-font-size\">Libros.com, 2022<\/p>\n\n\n\n<p class=\"has-medium-font-size\"><a href=\"http:\/\/www.elenacabrera.com\/weblog3\/la-mujer-enmascarada\/\" data-type=\"link\" data-id=\"http:\/\/www.elenacabrera.com\/weblog3\/la-mujer-enmascarada\/\">M\u00e1s <\/a><a href=\"http:\/\/www.elenacabrera.com\/weblog\/la-mujer-enmascarada\/\">sobre el libro<\/a>.<\/p>\n<\/div><\/div>\n\n\n\n<p><\/p>\n\n\n\n<div class=\"wp-block-media-text alignwide is-stacked-on-mobile\" style=\"grid-template-columns:37% auto\"><figure class=\"wp-block-media-text__media\"><img loading=\"lazy\" decoding=\"async\" width=\"570\" height=\"728\" src=\"http:\/\/www.elenacabrera.com\/weblog3\/wp-content\/uploads\/Algunas-lagunas-Elena-Cabrera-portada.jpg\" alt=\"\" class=\"wp-image-2002003844 size-full\" srcset=\"http:\/\/www.elenacabrera.com\/weblog3\/wp-content\/uploads\/Algunas-lagunas-Elena-Cabrera-portada.jpg 570w, http:\/\/www.elenacabrera.com\/weblog3\/wp-content\/uploads\/Algunas-lagunas-Elena-Cabrera-portada-235x300.jpg 235w\" sizes=\"auto, (max-width: 570px) 100vw, 570px\" \/><\/figure><div class=\"wp-block-media-text__content\">\n<p class=\"has-large-font-size\"><em>Algunas lagunas<\/em><\/p>\n\n\n\n<p class=\"has-medium-font-size\">La Imprenta, 2021<\/p>\n\n\n\n<p class=\"has-medium-font-size\"><a href=\"http:\/\/www.elenacabrera.com\/weblog3\/algunas-lagunas\/\" data-type=\"link\" data-id=\"http:\/\/www.elenacabrera.com\/weblog3\/algunas-lagunas\/\">M\u00e1s sobre el libro<\/a>.<\/p>\n<\/div><\/div>\n\n\n\n<p><\/p>\n\n\n\n<div class=\"wp-block-media-text alignwide is-vertically-aligned-center is-stacked-on-mobile\" style=\"grid-template-columns:37% auto\"><figure class=\"wp-block-media-text__media\"><img loading=\"lazy\" decoding=\"async\" width=\"765\" height=\"1024\" src=\"http:\/\/www.elenacabrera.com\/weblog3\/wp-content\/uploads\/Depeche-Mode-los-ultimos-amantes-1-765x1024.jpg\" alt=\"\" class=\"wp-image-2002003678 size-full\" srcset=\"http:\/\/www.elenacabrera.com\/weblog3\/wp-content\/uploads\/Depeche-Mode-los-ultimos-amantes-1-765x1024.jpg 765w, http:\/\/www.elenacabrera.com\/weblog3\/wp-content\/uploads\/Depeche-Mode-los-ultimos-amantes-1-224x300.jpg 224w, http:\/\/www.elenacabrera.com\/weblog3\/wp-content\/uploads\/Depeche-Mode-los-ultimos-amantes-1-768x1028.jpg 768w, http:\/\/www.elenacabrera.com\/weblog3\/wp-content\/uploads\/Depeche-Mode-los-ultimos-amantes-1-1147x1536.jpg 1147w, http:\/\/www.elenacabrera.com\/weblog3\/wp-content\/uploads\/Depeche-Mode-los-ultimos-amantes-1-1530x2048.jpg 1530w, http:\/\/www.elenacabrera.com\/weblog3\/wp-content\/uploads\/Depeche-Mode-los-ultimos-amantes-1.jpg 1655w\" sizes=\"auto, (max-width: 765px) 100vw, 765px\" \/><\/figure><div class=\"wp-block-media-text__content\">\n<p class=\"has-large-font-size\"><em>Depeche Mode. Los \u00faltimos amantes<\/em><\/p>\n\n\n\n<p class=\"has-medium-font-size\">Editorial La M\u00e1scara. Colecci\u00f3n Im\u00e1genes del Rock, 1999<\/p>\n<\/div><\/div>\n\n\n\n<p><\/p>\n\n\n\n<div class=\"wp-block-media-text alignwide is-vertically-aligned-center is-stacked-on-mobile\" style=\"grid-template-columns:37% auto\"><figure class=\"wp-block-media-text__media\"><img loading=\"lazy\" decoding=\"async\" width=\"762\" height=\"1024\" src=\"http:\/\/www.elenacabrera.com\/weblog3\/wp-content\/uploads\/Chemical-Brothers-El-sueno-electronico-762x1024.jpg\" alt=\"\" class=\"wp-image-2002003675 size-full\" srcset=\"http:\/\/www.elenacabrera.com\/weblog3\/wp-content\/uploads\/Chemical-Brothers-El-sueno-electronico-762x1024.jpg 762w, http:\/\/www.elenacabrera.com\/weblog3\/wp-content\/uploads\/Chemical-Brothers-El-sueno-electronico-223x300.jpg 223w, http:\/\/www.elenacabrera.com\/weblog3\/wp-content\/uploads\/Chemical-Brothers-El-sueno-electronico-768x1031.jpg 768w, http:\/\/www.elenacabrera.com\/weblog3\/wp-content\/uploads\/Chemical-Brothers-El-sueno-electronico-1144x1536.jpg 1144w, http:\/\/www.elenacabrera.com\/weblog3\/wp-content\/uploads\/Chemical-Brothers-El-sueno-electronico-1525x2048.jpg 1525w, http:\/\/www.elenacabrera.com\/weblog3\/wp-content\/uploads\/Chemical-Brothers-El-sueno-electronico.jpg 1650w\" sizes=\"auto, (max-width: 762px) 100vw, 762px\" \/><\/figure><div class=\"wp-block-media-text__content\">\n<p class=\"has-large-font-size\"><em>The Chemical Brothers. El sue\u00f1o electr\u00f3nico<\/em><\/p>\n\n\n\n<p class=\"has-medium-font-size\">Editorial La M\u00e1scara. Colecci\u00f3n Im\u00e1genes del Rock, 1998<\/p>\n<\/div><\/div>\n\n\n\n<h2 class=\"wp-block-heading\">PR\u00d3LOGOS<\/h2>\n\n\n\n<div class=\"wp-block-media-text alignwide is-stacked-on-mobile\" style=\"grid-template-columns:37% auto\"><figure class=\"wp-block-media-text__media\"><img loading=\"lazy\" decoding=\"async\" width=\"360\" height=\"545\" src=\"http:\/\/www.elenacabrera.com\/weblog3\/wp-content\/uploads\/2025\/04\/portada-Alaska-Lunwerg.jpg\" alt=\"\" class=\"wp-image-2002004033 size-full\" srcset=\"http:\/\/www.elenacabrera.com\/weblog3\/wp-content\/uploads\/2025\/04\/portada-Alaska-Lunwerg.jpg 360w, http:\/\/www.elenacabrera.com\/weblog3\/wp-content\/uploads\/2025\/04\/portada-Alaska-Lunwerg-198x300.jpg 198w\" sizes=\"auto, (max-width: 360px) 100vw, 360px\" \/><\/figure><div class=\"wp-block-media-text__content\">\n<p class=\"has-large-font-size\"><em>Alaska y otras historias de la movida,<\/em> de Rafa Cervera<\/p>\n\n\n\n<p class=\"has-medium-font-size\">Lunwerg, 2025<br>Pr\u00f3logo de la reedici\u00f3n<br><\/p>\n\n\n\n<p class=\"has-medium-font-size\"><a href=\"https:\/\/www.planetadelibros.com\/libro-alaska\/416367\">M\u00e1s sobre el libro.<\/a><\/p>\n<\/div><\/div>\n\n\n\n<div class=\"wp-block-media-text alignwide is-vertically-aligned-center is-stacked-on-mobile\" style=\"grid-template-columns:37% auto\"><figure class=\"wp-block-media-text__media\"><img loading=\"lazy\" decoding=\"async\" width=\"707\" height=\"1024\" src=\"http:\/\/www.elenacabrera.com\/weblog3\/wp-content\/uploads\/Violadores-Imaginarios-707x1024.jpg\" alt=\"\" class=\"wp-image-2002003688 size-full\" srcset=\"http:\/\/www.elenacabrera.com\/weblog3\/wp-content\/uploads\/Violadores-Imaginarios-707x1024.jpg 707w, http:\/\/www.elenacabrera.com\/weblog3\/wp-content\/uploads\/Violadores-Imaginarios-207x300.jpg 207w, http:\/\/www.elenacabrera.com\/weblog3\/wp-content\/uploads\/Violadores-Imaginarios.jpg 725w\" sizes=\"auto, (max-width: 707px) 100vw, 707px\" \/><\/figure><div class=\"wp-block-media-text__content\">\n<p class=\"has-large-font-size\"><em><em>Violadores imaginarios<\/em><\/em> de Sergi Atencia S\u00e1nchez (SAS)<\/p>\n\n\n\n<p class=\"has-medium-font-size\">C\u00edrculo Rojo, 2020<\/p>\n\n\n\n<p class=\"has-medium-font-size\"><a href=\"http:\/\/www.elenacabrera.com\/weblog3\/biografia-comparada-entre-depeche-mode-y-the-cure\/\" data-type=\"link\" data-id=\"http:\/\/www.elenacabrera.com\/weblog3\/biografia-comparada-entre-depeche-mode-y-the-cure\/\">M\u00e1s sobre el libro.<\/a><\/p>\n<\/div><\/div>\n\n\n\n<p><\/p>\n\n\n\n<div class=\"wp-block-media-text alignwide is-vertically-aligned-center is-stacked-on-mobile\" style=\"grid-template-columns:37% auto\"><figure class=\"wp-block-media-text__media\"><img loading=\"lazy\" decoding=\"async\" width=\"648\" height=\"1024\" src=\"http:\/\/www.elenacabrera.com\/weblog3\/wp-content\/uploads\/Biodiscotgrafias-iban-zaldua-648x1024.jpg\" alt=\"\" class=\"wp-image-2002003677 size-full\" srcset=\"http:\/\/www.elenacabrera.com\/weblog3\/wp-content\/uploads\/Biodiscotgrafias-iban-zaldua-648x1024.jpg 648w, http:\/\/www.elenacabrera.com\/weblog3\/wp-content\/uploads\/Biodiscotgrafias-iban-zaldua-190x300.jpg 190w, http:\/\/www.elenacabrera.com\/weblog3\/wp-content\/uploads\/Biodiscotgrafias-iban-zaldua-768x1214.jpg 768w, http:\/\/www.elenacabrera.com\/weblog3\/wp-content\/uploads\/Biodiscotgrafias-iban-zaldua-972x1536.jpg 972w, http:\/\/www.elenacabrera.com\/weblog3\/wp-content\/uploads\/Biodiscotgrafias-iban-zaldua.jpg 1203w\" sizes=\"auto, (max-width: 648px) 100vw, 648px\" \/><\/figure><div class=\"wp-block-media-text__content\">\n<p class=\"has-large-font-size\"><em><em>Biodiscograf\u00edas<\/em><\/em> de Iban Zaldua<\/p>\n\n\n\n<p class=\"has-medium-font-size\">P\u00e1ginas de Espuma, 2015<\/p>\n<\/div><\/div>\n\n\n\n<p><\/p>\n\n\n\n<h2 class=\"wp-block-heading\">CAP\u00cdTULOS<\/h2>\n\n\n\n<div class=\"wp-block-media-text alignwide is-stacked-on-mobile\" style=\"grid-template-columns:37% auto\"><figure class=\"wp-block-media-text__media\"><img loading=\"lazy\" decoding=\"async\" width=\"725\" height=\"1024\" src=\"https:\/\/www.elenacabrera.com\/weblog3\/wp-content\/uploads\/2025\/04\/PortadaLibroAutoplacer_Diseno-de-Maite-Zabaleta-725x1024.jpg\" alt=\"\" class=\"wp-image-2002004035 size-full\" srcset=\"http:\/\/www.elenacabrera.com\/weblog3\/wp-content\/uploads\/2025\/04\/PortadaLibroAutoplacer_Diseno-de-Maite-Zabaleta-725x1024.jpg 725w, http:\/\/www.elenacabrera.com\/weblog3\/wp-content\/uploads\/2025\/04\/PortadaLibroAutoplacer_Diseno-de-Maite-Zabaleta-212x300.jpg 212w, http:\/\/www.elenacabrera.com\/weblog3\/wp-content\/uploads\/2025\/04\/PortadaLibroAutoplacer_Diseno-de-Maite-Zabaleta-768x1084.jpg 768w, http:\/\/www.elenacabrera.com\/weblog3\/wp-content\/uploads\/2025\/04\/PortadaLibroAutoplacer_Diseno-de-Maite-Zabaleta-1088x1536.jpg 1088w, http:\/\/www.elenacabrera.com\/weblog3\/wp-content\/uploads\/2025\/04\/PortadaLibroAutoplacer_Diseno-de-Maite-Zabaleta-1451x2048.jpg 1451w, http:\/\/www.elenacabrera.com\/weblog3\/wp-content\/uploads\/2025\/04\/PortadaLibroAutoplacer_Diseno-de-Maite-Zabaleta-scaled.jpg 1813w\" sizes=\"auto, (max-width: 725px) 100vw, 725px\" \/><\/figure><div class=\"wp-block-media-text__content\">\n<p class=\"has-large-font-size\"><em>M\u00fasica sumergida,<\/em> de VV.AA.<\/p>\n\n\n\n<p class=\"has-medium-font-size\">Autoplacer y Museo CA2M Comunidad de Madrid, 2024<br>Cap\u00edtulo <em>Cuando las cosas eran raras y bonitas.<\/em><\/p>\n\n\n\n<p class=\"has-medium-font-size\"><a href=\"https:\/\/autoplacer.com\/MUSICA-SUMERGIDA\" data-type=\"link\" data-id=\"https:\/\/autoplacer.com\/MUSICA-SUMERGIDA\">M\u00e1s sobre el libro.<\/a><\/p>\n<\/div><\/div>\n\n\n\n<div class=\"wp-block-media-text alignwide is-stacked-on-mobile\" style=\"grid-template-columns:37% auto\"><figure class=\"wp-block-media-text__media\"><img loading=\"lazy\" decoding=\"async\" width=\"767\" height=\"1024\" src=\"https:\/\/www.elenacabrera.com\/weblog3\/wp-content\/uploads\/2025\/04\/KOKOTXAS-PORTADA-767x1024.jpg\" alt=\"\" class=\"wp-image-2002004040 size-full\" srcset=\"http:\/\/www.elenacabrera.com\/weblog3\/wp-content\/uploads\/2025\/04\/KOKOTXAS-PORTADA-767x1024.jpg 767w, http:\/\/www.elenacabrera.com\/weblog3\/wp-content\/uploads\/2025\/04\/KOKOTXAS-PORTADA-225x300.jpg 225w, http:\/\/www.elenacabrera.com\/weblog3\/wp-content\/uploads\/2025\/04\/KOKOTXAS-PORTADA-768x1025.jpg 768w, http:\/\/www.elenacabrera.com\/weblog3\/wp-content\/uploads\/2025\/04\/KOKOTXAS-PORTADA.jpg 785w\" sizes=\"auto, (max-width: 767px) 100vw, 767px\" \/><\/figure><div class=\"wp-block-media-text__content\">\n<p class=\"has-large-font-size\">Kokotxas VOL. I. Las m\u00e1s selectas delicias del periodismo musical espa\u00f1ol, de  VV.AA, edici\u00f3n de Bruno Galindo<\/p>\n\n\n\n<p class=\"has-medium-font-size\">Liburuak, 2024<br>Cap\u00edtulo <em>Eurolove (Entrevista a Pet Shop Boys)<\/em><br><\/p>\n\n\n\n<p class=\"has-medium-font-size\"><a href=\"https:\/\/liburuak.org\/producto\/kokotxas-vol-i\/\" data-type=\"link\" data-id=\"https:\/\/liburuak.org\/producto\/kokotxas-vol-i\/\">M\u00e1s sobre el libro.<\/a><\/p>\n<\/div><\/div>\n\n\n\n<div class=\"wp-block-media-text alignwide is-stacked-on-mobile\" style=\"grid-template-columns:37% auto\"><figure class=\"wp-block-media-text__media\"><img loading=\"lazy\" decoding=\"async\" width=\"589\" height=\"823\" src=\"http:\/\/www.elenacabrera.com\/weblog3\/wp-content\/uploads\/Screenshot_2022-08-05-Laboratorios-ciudadanos-Una-aproximacion-a-Medialab-Prado-Medialab-Matadero-Madrid.png\" alt=\"\" class=\"wp-image-2002003849 size-full\" srcset=\"http:\/\/www.elenacabrera.com\/weblog3\/wp-content\/uploads\/Screenshot_2022-08-05-Laboratorios-ciudadanos-Una-aproximacion-a-Medialab-Prado-Medialab-Matadero-Madrid.png 589w, http:\/\/www.elenacabrera.com\/weblog3\/wp-content\/uploads\/Screenshot_2022-08-05-Laboratorios-ciudadanos-Una-aproximacion-a-Medialab-Prado-Medialab-Matadero-Madrid-215x300.png 215w\" sizes=\"auto, (max-width: 589px) 100vw, 589px\" \/><\/figure><div class=\"wp-block-media-text__content\">\n<p class=\"has-large-font-size\"><em>Laboratorios ciudadanos. Una aproximaci\u00f3n a Medialab Prado,<\/em> de VV.AA, edici\u00f3n de Mar\u00eda ptqk<\/p>\n\n\n\n<p class=\"has-medium-font-size\">Medialab Prado, 2021<br><em>Cap\u00edtulos A.V. Floss<\/em> y <em>Juego de troncos. <\/em><br><a href=\"https:\/\/www.medialab-matadero.es\/documentos\/laboratorios-ciudadanos-una-aproximacion-medialab-prado\" data-type=\"URL\" data-id=\"https:\/\/www.medialab-matadero.es\/documentos\/laboratorios-ciudadanos-una-aproximacion-medialab-prado\" target=\"_blank\" rel=\"noreferrer noopener\">Descarga del libro<\/a>.<\/p>\n\n\n\n<p><\/p>\n<\/div><\/div>\n\n\n\n<div class=\"wp-block-media-text alignwide is-stacked-on-mobile\" style=\"grid-template-columns:37% auto\"><figure class=\"wp-block-media-text__media\"><img loading=\"lazy\" decoding=\"async\" width=\"668\" height=\"1024\" src=\"http:\/\/www.elenacabrera.com\/weblog3\/wp-content\/uploads\/Aviador-Dro-anarquia-cientifica-668x1024.jpg\" alt=\"\" class=\"wp-image-2002003691 size-full\" srcset=\"http:\/\/www.elenacabrera.com\/weblog3\/wp-content\/uploads\/Aviador-Dro-anarquia-cientifica-668x1024.jpg 668w, http:\/\/www.elenacabrera.com\/weblog3\/wp-content\/uploads\/Aviador-Dro-anarquia-cientifica-196x300.jpg 196w, http:\/\/www.elenacabrera.com\/weblog3\/wp-content\/uploads\/Aviador-Dro-anarquia-cientifica-768x1177.jpg 768w, http:\/\/www.elenacabrera.com\/weblog3\/wp-content\/uploads\/Aviador-Dro-anarquia-cientifica.jpg 783w\" sizes=\"auto, (max-width: 668px) 100vw, 668px\" \/><\/figure><div class=\"wp-block-media-text__content\">\n<p class=\"has-large-font-size\"><em>Aviador Dro. Anarqu\u00eda cient\u00edfica. La fascinante revoluci\u00f3n tecno del Aviador Dro,<\/em> de VV.AA, edici\u00f3n de Patricia Godes<\/p>\n\n\n\n<p class=\"has-medium-font-size\">La Felguera, 2019<br>Cap\u00edtulo: <em>La forja del mutante<\/em><\/p>\n\n\n\n<p class=\"has-medium-font-size\"><a href=\"http:\/\/www.elenacabrera.com\/weblog\/anarquia-cientifica\/\">M\u00e1s sobre el libro.<\/a><\/p>\n<\/div><\/div>\n\n\n\n<p><\/p>\n\n\n\n<div class=\"wp-block-media-text alignwide is-stacked-on-mobile\" style=\"grid-template-columns:37% auto\"><figure class=\"wp-block-media-text__media\"><img loading=\"lazy\" decoding=\"async\" width=\"757\" height=\"1024\" src=\"http:\/\/www.elenacabrera.com\/weblog3\/wp-content\/uploads\/experimentaclub-limbo-757x1024.jpg\" alt=\"\" class=\"wp-image-2002003703 size-full\" srcset=\"http:\/\/www.elenacabrera.com\/weblog3\/wp-content\/uploads\/experimentaclub-limbo-757x1024.jpg 757w, http:\/\/www.elenacabrera.com\/weblog3\/wp-content\/uploads\/experimentaclub-limbo-222x300.jpg 222w, http:\/\/www.elenacabrera.com\/weblog3\/wp-content\/uploads\/experimentaclub-limbo-768x1039.jpg 768w, http:\/\/www.elenacabrera.com\/weblog3\/wp-content\/uploads\/experimentaclub-limbo-1135x1536.jpg 1135w, http:\/\/www.elenacabrera.com\/weblog3\/wp-content\/uploads\/experimentaclub-limbo.jpg 1341w\" sizes=\"auto, (max-width: 757px) 100vw, 757px\" \/><\/figure><div class=\"wp-block-media-text__content\">\n<p class=\"has-large-font-size\"><em>Experimentaclub LIMb0 2007.08.09,<\/em> de VV.AA.<\/p>\n\n\n\n<p class=\"has-medium-font-size\">Jorge Haro y Javier Pi\u00f1ango, 2010<br>Entrevistas a Jorge Haro y Javier Pi\u00f1ango<\/p>\n<\/div><\/div>\n\n\n\n<p><\/p>\n\n\n\n<div class=\"wp-block-media-text alignwide is-stacked-on-mobile\" style=\"grid-template-columns:37% auto\"><figure class=\"wp-block-media-text__media\"><img loading=\"lazy\" decoding=\"async\" width=\"1019\" height=\"1024\" src=\"http:\/\/www.elenacabrera.com\/weblog3\/wp-content\/uploads\/Ciudad-Compacta-1019x1024.jpg\" alt=\"Ciudad Compacta\" class=\"wp-image-2002002519 size-full\" srcset=\"http:\/\/www.elenacabrera.com\/weblog3\/wp-content\/uploads\/Ciudad-Compacta-1019x1024.jpg 1019w, http:\/\/www.elenacabrera.com\/weblog3\/wp-content\/uploads\/Ciudad-Compacta-150x150.jpg 150w, http:\/\/www.elenacabrera.com\/weblog3\/wp-content\/uploads\/Ciudad-Compacta-300x300.jpg 300w, http:\/\/www.elenacabrera.com\/weblog3\/wp-content\/uploads\/Ciudad-Compacta-768x772.jpg 768w, http:\/\/www.elenacabrera.com\/weblog3\/wp-content\/uploads\/Ciudad-Compacta.jpg 1200w\" sizes=\"auto, (max-width: 1019px) 100vw, 1019px\" \/><\/figure><div class=\"wp-block-media-text__content\">\n<p class=\"has-large-font-size\"><em>Ciudad compacta. Gr\u00e1bame un CD cuando llegues al para\u00edso.<\/em> VV.AA., edici\u00f3n de The Cry Project<\/p>\n\n\n\n<p class=\"has-medium-font-size\">The Cry Project, 2004<br>Cap\u00edtulo: <em>Dos mil palabras<\/em><\/p>\n\n\n\n<p class=\"has-medium-font-size\"><a href=\"http:\/\/www.elenacabrera.com\/weblog\/anarquia-cientifica\/\">M\u00e1s sobre el libro.<\/a><\/p>\n<\/div><\/div>\n\n\n\n<p><\/p>\n\n\n\n<div class=\"wp-block-media-text alignwide is-stacked-on-mobile\" style=\"grid-template-columns:37% auto\"><figure class=\"wp-block-media-text__media\"><img loading=\"lazy\" decoding=\"async\" width=\"1018\" height=\"1024\" src=\"http:\/\/www.elenacabrera.com\/weblog3\/wp-content\/uploads\/Galaxias-robadas-1-1018x1024.jpg\" alt=\"\" class=\"wp-image-2002003701 size-full\" srcset=\"http:\/\/www.elenacabrera.com\/weblog3\/wp-content\/uploads\/Galaxias-robadas-1-1018x1024.jpg 1018w, http:\/\/www.elenacabrera.com\/weblog3\/wp-content\/uploads\/Galaxias-robadas-1-298x300.jpg 298w, http:\/\/www.elenacabrera.com\/weblog3\/wp-content\/uploads\/Galaxias-robadas-1-150x150.jpg 150w, http:\/\/www.elenacabrera.com\/weblog3\/wp-content\/uploads\/Galaxias-robadas-1-768x773.jpg 768w, http:\/\/www.elenacabrera.com\/weblog3\/wp-content\/uploads\/Galaxias-robadas-1-1527x1536.jpg 1527w, http:\/\/www.elenacabrera.com\/weblog3\/wp-content\/uploads\/Galaxias-robadas-1.jpg 1655w\" sizes=\"auto, (max-width: 1018px) 100vw, 1018px\" \/><\/figure><div class=\"wp-block-media-text__content\">\n<p class=\"has-large-font-size\"><em>Galaxias robadas. Los insolentes del pasado so\u00f1aron un futuro gal\u00e1ctico.<\/em> VV.AA., edici\u00f3n de The Cry Project.<\/p>\n\n\n\n<p class=\"has-medium-font-size\">Numa Ediciones, 2001<br>Cap\u00edtulo: <em>Eurotrash<\/em> (con Aldo Linares)<\/p>\n\n\n\n<p class=\"has-medium-font-size\"><a href=\"http:\/\/www.elenacabrera.com\/weblog\/anarquia-cientifica\/\">M\u00e1s sobre el libro.<\/a><\/p>\n<\/div><\/div>\n","protected":false},"excerpt":{"rendered":"<p>La mujer enmascarada Libros.com, 2022 M\u00e1s sobre el libro. Algunas lagunas La Imprenta, 2021 M\u00e1s sobre el libro. Depeche Mode. Los \u00faltimos amantes Editorial La M\u00e1scara. Colecci\u00f3n Im\u00e1genes del Rock, 1999 The Chemical Brothers. El sue\u00f1o electr\u00f3nico Editorial La M\u00e1scara. Colecci\u00f3n Im\u00e1genes del Rock, 1998 PR\u00d3LOGOS Alaska y otras historias de la movida, de Rafa [&hellip;]<\/p>\n","protected":false},"author":1,"featured_media":0,"parent":0,"menu_order":0,"comment_status":"closed","ping_status":"closed","template":"page-fullwidth.php","meta":{"footnotes":""},"class_list":["post-2002003674","page","type-page","status-publish","hentry"],"_links":{"self":[{"href":"http:\/\/www.elenacabrera.com\/weblog3\/wp-json\/wp\/v2\/pages\/2002003674","targetHints":{"allow":["GET"]}}],"collection":[{"href":"http:\/\/www.elenacabrera.com\/weblog3\/wp-json\/wp\/v2\/pages"}],"about":[{"href":"http:\/\/www.elenacabrera.com\/weblog3\/wp-json\/wp\/v2\/types\/page"}],"author":[{"embeddable":true,"href":"http:\/\/www.elenacabrera.com\/weblog3\/wp-json\/wp\/v2\/users\/1"}],"replies":[{"embeddable":true,"href":"http:\/\/www.elenacabrera.com\/weblog3\/wp-json\/wp\/v2\/comments?post=2002003674"}],"version-history":[{"count":34,"href":"http:\/\/www.elenacabrera.com\/weblog3\/wp-json\/wp\/v2\/pages\/2002003674\/revisions"}],"predecessor-version":[{"id":2002004042,"href":"http:\/\/www.elenacabrera.com\/weblog3\/wp-json\/wp\/v2\/pages\/2002003674\/revisions\/2002004042"}],"wp:attachment":[{"href":"http:\/\/www.elenacabrera.com\/weblog3\/wp-json\/wp\/v2\/media?parent=2002003674"}],"curies":[{"name":"wp","href":"https:\/\/api.w.org\/{rel}","templated":true}]}}