{"id":2002004019,"date":"2025-04-20T18:25:25","date_gmt":"2025-04-20T16:25:25","guid":{"rendered":"http:\/\/www.elenacabrera.com\/weblog3\/?page_id=2002004019"},"modified":"2025-12-26T17:39:49","modified_gmt":"2025-12-26T16:39:49","slug":"elena-cabrera","status":"publish","type":"page","link":"http:\/\/www.elenacabrera.com\/weblog3\/elena-cabrera\/","title":{"rendered":"Elena Cabrera"},"content":{"rendered":"\n<div class=\"wp-block-cover alignfull is-light has-contrast-color has-text-color has-link-color wp-elements-97ed81e8fe107e3426b1fb5a8d3850d8\" style=\"margin-top:0;margin-bottom:0;padding-top:var(--wp--preset--spacing--60);padding-right:var(--wp--preset--spacing--50);padding-bottom:var(--wp--preset--spacing--60);padding-left:var(--wp--preset--spacing--50)\"><span aria-hidden=\"true\" class=\"wp-block-cover__background has-base-background-color has-background-dim-100 has-background-dim\"><\/span><div class=\"wp-block-cover__inner-container has-global-padding is-layout-constrained wp-container-core-cover-is-layout-873ee6b1 wp-block-cover-is-layout-constrained\">\n<div class=\"wp-block-columns alignwide is-layout-flex wp-container-core-columns-is-layout-7ee84d44 wp-block-columns-is-layout-flex\">\n<div class=\"wp-block-column is-layout-flow wp-block-column-is-layout-flow\" style=\"flex-basis:65%\">\n<div class=\"wp-block-group is-vertical is-content-justification-stretch is-layout-flex wp-container-core-group-is-layout-353c4f5a wp-block-group-is-layout-flex\">\n<h2 class=\"wp-block-heading has-text-align-left\" style=\"font-size:clamp(2.418rem, 2.418rem + ((1vw - 0.2rem) * 3.266), 4.5rem);font-style:normal;font-weight:300;letter-spacing:-0.03em;line-height:1.4\">Rebobinemos<\/h2>\n\n\n\n<p class=\"is-style-text-subtitle is-style-text-subtitle--1\">Soy una mujer nacida en Madrid en 1975. Mis padres se llamaban Carmen y Luis. Mi marido se llama Alberto y, nuestra hija, Eleonor.<\/p>\n\n\n\n<p>Soy periodista. Actualmente trabajo como redactora jefa de la secci\u00f3n de Cultura en elDiario.es, un medio en el que empec\u00e9 colaborando desde su fundaci\u00f3n en el a\u00f1o 2012.<\/p>\n\n\n\n<p>He trabajado mucho en el mundo de la m\u00fasica. Comenc\u00e9 mi carrera colaborando en revistas musicales. Estudi\u00e9 Ciencias de la Informaci\u00f3n en la Universidad Complutense de Madrid pero abandon\u00e9 en el \u00faltimo a\u00f1o (a mis ganas de ejercer como periodista se uni\u00f3 un desprop\u00f3sito universitario en el cambio de planes de estudio).<\/p>\n\n\n\n<p>En el a\u00f1o 1999 me fui a vivir brevemente a Barcelona, donde trabaj\u00e9 en una de las mejores revistas del momento: aB. Antes y despu\u00e9s de ese breve periodo de dos a\u00f1os, pas\u00e9 casi una d\u00e9cada ligada al Festival Internacional de Benic\u00e0ssim (FIB), probablemente en su mejor momento, entre 1995 y 2005. De entre todo lo que hice en el FIB, lo mejor fue el Fiber, un peri\u00f3dico diario que imprim\u00edamos y distribu\u00edamos gratis cada d\u00eda de festival.<\/p>\n\n\n\n<p>Despu\u00e9s, trabaj\u00e9 unos a\u00f1os en MTV Espa\u00f1a, donde cumpl\u00ed un sue\u00f1o de adolescencia, pues adoraba ver v\u00eddeos en MTV. Entre medias, estuve un tiempo muy metida con los c\u00f3mics y Astiberri me dio la oportunidad de relanzar su revista Trama.<\/p>\n\n\n\n<p>Tras esta larga etapa dedicada al periodismo especializado, pude pasar al generalista, pero siguiendo en cultura, gracias a ADN.es, uno de los primeros medios nativos digitales. Luego pas\u00e9 por otras redacciones, como la de lainformacion.com y, en 2011, particip\u00e9 del lanzamiento de la revista Madriz, una cabecera del mismo editor que Barcelon\u00e9s.<\/p>\n\n\n\n<p>Mientras tanto, me met\u00ed en varias aventuras. La m\u00e1s emocionante de ellas fue crear el sello <a href=\"https:\/\/www.discogs.com\/es\/label\/17840-Autoreverse\" data-type=\"link\" data-id=\"https:\/\/www.discogs.com\/es\/label\/17840-Autoreverse\">Autoreverse<\/a>, en el que publicamos artistas como Comando Suzie, Grado 33, Ci\u00eblo, Vadim Tudor, Lost Balance y Loud. Y form\u00e9 parte de un grupo, <a href=\"https:\/\/www.discogs.com\/es\/artist\/1240665-Sukiyaki\" data-type=\"link\" data-id=\"https:\/\/www.discogs.com\/es\/artist\/1240665-Sukiyaki\">Sukiyaki<\/a>, donde hicimos algunas canciones bonitas de tecnopop. Por otro lado, dur\u00f3 poco pero tambi\u00e9n aprend\u00ed mucho formando con unos amigos la promotora de conciertos Music Non-Stop.<\/p>\n\n\n\n<p>Tambi\u00e9n pas\u00e9 unos a\u00f1os en la Fundaci\u00f3n porCausa, donde, entre otras cosas, pude trabajar en un proyecto para Univision Noticias sobre periodismo acerca de la desigualdad y en otros de periodismo de investigaci\u00f3n sobre migraciones.<\/p>\n\n\n\n<p>Despu\u00e9s de colaborar en diferentes medios, finalmente regres\u00e9 al peri\u00f3dico que siempre he considerado mi casa, elDiario.es. Primero en la secci\u00f3n de Sociedad como refuerzo para la pandemia en 2021 y, desde septiembre de ese a\u00f1o, al frente de la secci\u00f3n de <a href=\"http:\/\/www.eldiario.es\/cultura\">Cultura<\/a>.<\/p>\n\n\n\n<p><a href=\"https:\/\/www.elenacabrera.com\/weblog3\/libros\/\" data-type=\"link\" data-id=\"https:\/\/www.elenacabrera.com\/weblog3\/libros\/\">He publicado cuatro libros (y algunos pr\u00f3logos y cap\u00edtulos).<\/a> Dos son monograf\u00edas musicales: una sobre The Chemical Brothers y otra sobre mi grupo favorito, Depeche Mode. Los otros dos son m\u00e1s particulares. Uno se titula <em>Algunas lagunas <\/em>(La Imprenta, 2021, <a href=\"https:\/\/asociacion-la-imprenta-estrategias-y-artefactos-cultura.sumupstore.com\/producto\/algunas-lagunas\" data-type=\"link\" data-id=\"https:\/\/asociacion-la-imprenta-estrategias-y-artefactos-cultura.sumupstore.com\/producto\/algunas-lagunas\">c\u00f3mpralo aqu\u00ed<\/a> o enc\u00e1rgalo en cualquier librer\u00eda) y, el otro, <em>La mujer enmascarada<\/em> (Libros.com, 2022, c\u00f3mpralo en <a href=\"https:\/\/www.elbuscon.es\/libros\/la-mujer-enmascarada\/9788418769511\/\" data-type=\"link\" data-id=\"https:\/\/www.elbuscon.es\/libros\/la-mujer-enmascarada\/9788418769511\/\">El Busc\u00f3n<\/a> o en <a href=\"https:\/\/lanegrashop.es\/\" data-type=\"link\" data-id=\"https:\/\/lanegrashop.es\/\">La Negra<\/a>).<\/p>\n\n\n\n<p><em>Algunas lagunas<\/em> lo he definido en alguna ocasi\u00f3n como un <a href=\"https:\/\/www.elenacabrera.com\/weblog3\/2021\/04\/10\/algunas-lagunas\/\" data-type=\"link\" data-id=\"https:\/\/www.elenacabrera.com\/weblog3\/2021\/04\/10\/algunas-lagunas\/\">\u00abreportaje desbordado\u00bb.<\/a> Empec\u00e9 escribiendo un art\u00edculo para elDiario.es cuando me encargaba de cubrir memoria hist\u00f3rica, y acab\u00e9 rellenando los silencios de mi historia familiar, descubriendo que lo que me hab\u00edan contado sobre mi abuelo no era cierto.<\/p>\n\n\n\n<p><em>La mujer enmascarada<\/em> recoge las cr\u00f3nicas diarias que escrib\u00ed para elDiario.es durante el confinamiento y las primeras vacaciones en pandemia.<\/p>\n\n\n\n<p>He adorado siempre la radio. En M21 retransmit\u00ed conciertos desde salas de Madrid con el nombre Directo Salvaje. Comenc\u00e9 a colaborar y hacer programas en una legendaria radio libre del barrio de Canillejas, Radio Carcoma, cuando ten\u00eda unos 16 a\u00f1os. Ah\u00ed se sentaron mis bases. All\u00ed aprend\u00ed a ir a la contra. Quiz\u00e1s en el bando de los perdedores, pero siempre en el equipo de la resistencia.<\/p>\n\n\n\n<p>Alberto Monreal y yo hacemos un podcast titulado <em>Pobres chavales,<\/em> dedicado a Depeche Mode.<\/p>\n\n\n\n<figure class=\"wp-block-image size-full is-resized\"><img loading=\"lazy\" decoding=\"async\" width=\"600\" height=\"400\" src=\"http:\/\/www.elenacabrera.com\/weblog3\/wp-content\/uploads\/2025\/04\/Elena-Cabrera-2010.jpg\" alt=\"\" class=\"wp-image-2002004044\" style=\"width:676px;height:auto\" srcset=\"http:\/\/www.elenacabrera.com\/weblog3\/wp-content\/uploads\/2025\/04\/Elena-Cabrera-2010.jpg 600w, http:\/\/www.elenacabrera.com\/weblog3\/wp-content\/uploads\/2025\/04\/Elena-Cabrera-2010-300x200.jpg 300w\" sizes=\"auto, (max-width: 600px) 100vw, 600px\" \/><\/figure>\n<\/div>\n<\/div>\n\n\n\n<div class=\"wp-block-column is-layout-flow wp-block-column-is-layout-flow\" style=\"flex-basis:35%\">\n<div class=\"wp-block-group is-vertical is-content-justification-stretch is-nowrap is-layout-flex wp-container-core-group-is-layout-73b0033c wp-block-group-is-layout-flex\">\n<figure class=\"wp-block-image size-full\"><img loading=\"lazy\" decoding=\"async\" width=\"1920\" height=\"2560\" src=\"http:\/\/www.elenacabrera.com\/weblog3\/wp-content\/uploads\/2025\/04\/Elena_Cabrera-scaled.jpg\" alt=\"\" class=\"wp-image-2002004024\" style=\"aspect-ratio:3\/4;object-fit:cover\" srcset=\"http:\/\/www.elenacabrera.com\/weblog3\/wp-content\/uploads\/2025\/04\/Elena_Cabrera-scaled.jpg 1920w, http:\/\/www.elenacabrera.com\/weblog3\/wp-content\/uploads\/2025\/04\/Elena_Cabrera-225x300.jpg 225w, http:\/\/www.elenacabrera.com\/weblog3\/wp-content\/uploads\/2025\/04\/Elena_Cabrera-768x1024.jpg 768w, http:\/\/www.elenacabrera.com\/weblog3\/wp-content\/uploads\/2025\/04\/Elena_Cabrera-1152x1536.jpg 1152w, http:\/\/www.elenacabrera.com\/weblog3\/wp-content\/uploads\/2025\/04\/Elena_Cabrera-1536x2048.jpg 1536w\" sizes=\"auto, (max-width: 1920px) 100vw, 1920px\" \/><\/figure>\n\n\n\n<p class=\"has-text-align-right has-x-large-font-size\" style=\"line-height:1.2\"><a href=\"https:\/\/es.wikipedia.org\/wiki\/Elena_Cabrera\" data-type=\"link\" data-id=\"https:\/\/es.wikipedia.org\/wiki\/Elena_Cabrera\">Wikipedia<\/a><br><a href=\"https:\/\/www.instagram.com\/elenacabrera000\/\" data-type=\"link\" data-id=\"https:\/\/www.instagram.com\/elenacabrera000\/\">Instagram<\/a><br><a href=\"https:\/\/www.linkedin.com\/in\/elenacabrera\/\" data-type=\"link\" data-id=\"https:\/\/www.linkedin.com\/in\/elenacabrera\/\">LinkedIn<\/a><br><a href=\"https:\/\/pobreschavalespodcast.tumblr.com\/\" data-type=\"link\" data-id=\"https:\/\/pobreschavalespodcast.tumblr.com\/\">Pobres Chavales<br><\/a><a href=\"https:\/\/www.eldiario.es\/autores\/elena_cabrera\/\" data-type=\"link\" data-id=\"https:\/\/www.eldiario.es\/autores\/elena_cabrera\/\">elDiario.es<\/a><\/p>\n\n\n\n<p><\/p>\n<\/div>\n<\/div>\n<\/div>\n<\/div><\/div>\n","protected":false},"excerpt":{"rendered":"","protected":false},"author":1,"featured_media":0,"parent":0,"menu_order":0,"comment_status":"closed","ping_status":"closed","template":"","meta":{"footnotes":""},"class_list":["post-2002004019","page","type-page","status-publish","hentry"],"_links":{"self":[{"href":"http:\/\/www.elenacabrera.com\/weblog3\/wp-json\/wp\/v2\/pages\/2002004019","targetHints":{"allow":["GET"]}}],"collection":[{"href":"http:\/\/www.elenacabrera.com\/weblog3\/wp-json\/wp\/v2\/pages"}],"about":[{"href":"http:\/\/www.elenacabrera.com\/weblog3\/wp-json\/wp\/v2\/types\/page"}],"author":[{"embeddable":true,"href":"http:\/\/www.elenacabrera.com\/weblog3\/wp-json\/wp\/v2\/users\/1"}],"replies":[{"embeddable":true,"href":"http:\/\/www.elenacabrera.com\/weblog3\/wp-json\/wp\/v2\/comments?post=2002004019"}],"version-history":[{"count":16,"href":"http:\/\/www.elenacabrera.com\/weblog3\/wp-json\/wp\/v2\/pages\/2002004019\/revisions"}],"predecessor-version":[{"id":2002004084,"href":"http:\/\/www.elenacabrera.com\/weblog3\/wp-json\/wp\/v2\/pages\/2002004019\/revisions\/2002004084"}],"wp:attachment":[{"href":"http:\/\/www.elenacabrera.com\/weblog3\/wp-json\/wp\/v2\/media?parent=2002004019"}],"curies":[{"name":"wp","href":"https:\/\/api.w.org\/{rel}","templated":true}]}}

<div class="wp-block-cover alignfull is-light has-contrast-color has-text-color has-link-color wp-elements-97ed81e8fe107e3426b1fb5a8d3850d8" style="margin-top:0;margin-bottom:0;padding-top:var(--wp--preset--spacing--60);padding-right:var(--wp--preset--spacing--50);padding-bottom:var(--wp--preset--spacing--60);padding-left:var(--wp--preset--spacing--50)"><span aria-hidden="true" class="wp-block-cover__background has-base-background-color has-background-dim-100 has-background-dim"></span><div class="wp-block-cover__inner-container has-global-padding is-layout-constrained wp-container-core-cover-is-layout-873ee6b1 wp-block-cover-is-layout-constrained">
<div class="wp-block-columns alignwide is-layout-flex wp-container-core-columns-is-layout-7ee84d44 wp-block-columns-is-layout-flex">
<div class="wp-block-column is-layout-flow wp-block-column-is-layout-flow" style="flex-basis:65%">
<div class="wp-block-group is-vertical is-content-justification-stretch is-layout-flex wp-container-core-group-is-layout-353c4f5a wp-block-group-is-layout-flex">
<h2 class="wp-block-heading has-text-align-left" style="font-size:clamp(2.418rem, 2.418rem + ((1vw - 0.2rem) * 3.266), 4.5rem);font-style:normal;font-weight:300;letter-spacing:-0.03em;line-height:1.4">Rebobinemos</h2>



<p class="is-style-text-subtitle is-style-text-subtitle--1">Soy una mujer nacida en Madrid en 1975. Mis padres se llamaban Carmen y Luis. Mi marido se llama Alberto y, nuestra hija, Eleonor.</p>



<p>Soy periodista. Actualmente trabajo como redactora jefa de la sección de Cultura en elDiario.es, un medio en el que empecé colaborando desde su fundación en el año 2012.</p>



<p>He trabajado mucho en el mundo de la música. Comencé mi carrera colaborando en revistas musicales. Estudié Ciencias de la Información en la Universidad Complutense de Madrid pero abandoné en el último año (a mis ganas de ejercer como periodista se unió un despropósito universitario en el cambio de planes de estudio).</p>



<p>En el año 1999 me fui a vivir brevemente a Barcelona, donde trabajé en una de las mejores revistas del momento: aB. Antes y después de ese breve periodo de dos años, pasé casi una década ligada al Festival Internacional de Benicàssim (FIB), probablemente en su mejor momento, entre 1995 y 2005. De entre todo lo que hice en el FIB, lo mejor fue el Fiber, un periódico diario que imprimíamos y distribuíamos gratis cada día de festival.</p>



<p>Después, trabajé unos años en MTV España, donde cumplí un sueño de adolescencia, pues adoraba ver vídeos en MTV. Entre medias, estuve un tiempo muy metida con los cómics y Astiberri me dio la oportunidad de relanzar su revista Trama.</p>



<p>Tras esta larga etapa dedicada al periodismo especializado, pude pasar al generalista, pero siguiendo en cultura, gracias a ADN.es, uno de los primeros medios nativos digitales. Luego pasé por otras redacciones, como la de lainformacion.com y, en 2011, participé del lanzamiento de la revista Madriz, una cabecera del mismo editor que Barcelonés.</p>



<p>Mientras tanto, me metí en varias aventuras. La más emocionante de ellas fue crear el sello <a href="https://www.discogs.com/es/label/17840-Autoreverse" data-type="link" data-id="https://www.discogs.com/es/label/17840-Autoreverse">Autoreverse</a>, en el que publicamos artistas como Comando Suzie, Grado 33, Ciëlo, Vadim Tudor, Lost Balance y Loud. Y formé parte de un grupo, <a href="https://www.discogs.com/es/artist/1240665-Sukiyaki" data-type="link" data-id="https://www.discogs.com/es/artist/1240665-Sukiyaki">Sukiyaki</a>, donde hicimos algunas canciones bonitas de tecnopop. Por otro lado, duró poco pero también aprendí mucho formando con unos amigos la promotora de conciertos Music Non-Stop.</p>



<p>También pasé unos años en la Fundación porCausa, donde, entre otras cosas, pude trabajar en un proyecto para Univision Noticias sobre periodismo acerca de la desigualdad y en otros de periodismo de investigación sobre migraciones.</p>



<p>Después de colaborar en diferentes medios, finalmente regresé al periódico que siempre he considerado mi casa, elDiario.es. Primero en la sección de Sociedad como refuerzo para la pandemia en 2021 y, desde septiembre de ese año, al frente de la sección de <a href="http://www.eldiario.es/cultura">Cultura</a>.</p>



<p><a href="https://www.elenacabrera.com/weblog3/libros/" data-type="link" data-id="https://www.elenacabrera.com/weblog3/libros/">He publicado cuatro libros (y algunos prólogos y capítulos).</a> Dos son monografías musicales: una sobre The Chemical Brothers y otra sobre mi grupo favorito, Depeche Mode. Los otros dos son más particulares. Uno se titula <em>Algunas lagunas </em>(La Imprenta, 2021, <a href="https://asociacion-la-imprenta-estrategias-y-artefactos-cultura.sumupstore.com/producto/algunas-lagunas" data-type="link" data-id="https://asociacion-la-imprenta-estrategias-y-artefactos-cultura.sumupstore.com/producto/algunas-lagunas">cómpralo aquí</a> o encárgalo en cualquier librería) y, el otro, <em>La mujer enmascarada</em> (Libros.com, 2022, cómpralo en <a href="https://www.elbuscon.es/libros/la-mujer-enmascarada/9788418769511/" data-type="link" data-id="https://www.elbuscon.es/libros/la-mujer-enmascarada/9788418769511/">El Buscón</a> o en <a href="https://lanegrashop.es/" data-type="link" data-id="https://lanegrashop.es/">La Negra</a>).</p>



<p><em>Algunas lagunas</em> lo he definido en alguna ocasión como un <a href="https://www.elenacabrera.com/weblog3/2021/04/10/algunas-lagunas/" data-type="link" data-id="https://www.elenacabrera.com/weblog3/2021/04/10/algunas-lagunas/">«reportaje desbordado».</a> Empecé escribiendo un artículo para elDiario.es cuando me encargaba de cubrir memoria histórica, y acabé rellenando los silencios de mi historia familiar, descubriendo que lo que me habían contado sobre mi abuelo no era cierto.</p>



<p><em>La mujer enmascarada</em> recoge las crónicas diarias que escribí para elDiario.es durante el confinamiento y las primeras vacaciones en pandemia.</p>



<p>He adorado siempre la radio. En M21 retransmití conciertos desde salas de Madrid con el nombre Directo Salvaje. Comencé a colaborar y hacer programas en una legendaria radio libre del barrio de Canillejas, Radio Carcoma, cuando tenía unos 16 años. Ahí se sentaron mis bases. Allí aprendí a ir a la contra. Quizás en el bando de los perdedores, pero siempre en el equipo de la resistencia.</p>



<p>Alberto Monreal y yo hacemos un podcast titulado <em>Pobres chavales,</em> dedicado a Depeche Mode.</p>



<figure class="wp-block-image size-full is-resized"><img loading="lazy" decoding="async" width="600" height="400" src="http://www.elenacabrera.com/weblog3/wp-content/uploads/2025/04/Elena-Cabrera-2010.jpg" alt="" class="wp-image-2002004044" style="width:676px;height:auto" srcset="http://www.elenacabrera.com/weblog3/wp-content/uploads/2025/04/Elena-Cabrera-2010.jpg 600w, http://www.elenacabrera.com/weblog3/wp-content/uploads/2025/04/Elena-Cabrera-2010-300x200.jpg 300w" sizes="auto, (max-width: 600px) 100vw, 600px" /></figure>
</div>
</div>



<div class="wp-block-column is-layout-flow wp-block-column-is-layout-flow" style="flex-basis:35%">
<div class="wp-block-group is-vertical is-content-justification-stretch is-nowrap is-layout-flex wp-container-core-group-is-layout-73b0033c wp-block-group-is-layout-flex">
<figure class="wp-block-image size-full"><img loading="lazy" decoding="async" width="1920" height="2560" src="http://www.elenacabrera.com/weblog3/wp-content/uploads/2025/04/Elena_Cabrera-scaled.jpg" alt="" class="wp-image-2002004024" style="aspect-ratio:3/4;object-fit:cover" srcset="http://www.elenacabrera.com/weblog3/wp-content/uploads/2025/04/Elena_Cabrera-scaled.jpg 1920w, http://www.elenacabrera.com/weblog3/wp-content/uploads/2025/04/Elena_Cabrera-225x300.jpg 225w, http://www.elenacabrera.com/weblog3/wp-content/uploads/2025/04/Elena_Cabrera-768x1024.jpg 768w, http://www.elenacabrera.com/weblog3/wp-content/uploads/2025/04/Elena_Cabrera-1152x1536.jpg 1152w, http://www.elenacabrera.com/weblog3/wp-content/uploads/2025/04/Elena_Cabrera-1536x2048.jpg 1536w" sizes="auto, (max-width: 1920px) 100vw, 1920px" /></figure>



<p class="has-text-align-right has-x-large-font-size" style="line-height:1.2"><a href="https://es.wikipedia.org/wiki/Elena_Cabrera" data-type="link" data-id="https://es.wikipedia.org/wiki/Elena_Cabrera">Wikipedia</a><br><a href="https://www.instagram.com/elenacabrera000/" data-type="link" data-id="https://www.instagram.com/elenacabrera000/">Instagram</a><br><a href="https://www.linkedin.com/in/elenacabrera/" data-type="link" data-id="https://www.linkedin.com/in/elenacabrera/">LinkedIn</a><br><a href="https://pobreschavalespodcast.tumblr.com/" data-type="link" data-id="https://pobreschavalespodcast.tumblr.com/">Pobres Chavales<br></a><a href="https://www.eldiario.es/autores/elena_cabrera/" data-type="link" data-id="https://www.eldiario.es/autores/elena_cabrera/">elDiario.es</a></p>



<p></p>
</div>
</div>
</div>
</div></div>
